 - 3. Let v be u(3). What is the greatest common factor of v and 105?
15
Let a = -59 + 89. Suppose -2*z + 4*b + a = 0, -20 = -3*z - 4*b + 5. Suppose 0 = f - 17 + 6. Calculate the highest common factor of f and z.
11
Let h(q) = -q**3 - q**2 + q + 4. Let b be h(0). Let x = 16 + 0. Calculate the highest common factor of b and x.
4
Let f(y) = y**3 + 19*y**2 - 26*y + 15. Let h be f(-20). What is the highest common divisor of h and 54?
27
Let w(q) = q**2 + 9*q + 11. Let s be w(-8). Let p be (104/39)/(2/s). Calculate the greatest common divisor of 44 and p.
4
Suppose -3*h + 4 = 2*y - 414, -2*y = 4*h - 558. Calculate the highest common divisor of h and 20.
20
Suppose n = 2*n - 31. Suppose n = 4*c - 9. Let w be 8/c*(-15)/(-6). What is the highest common divisor of 18 and w?
2
Let u(k) = k + 4 - 2 + 2*k**2 - 2. Let f be u(3). Let t = -9 + f. What is the highest common factor of t and 108?
12
Let f be (46/14 + (-44)/154)*62. What is the greatest common divisor of 62 and f?
62
Let v(p) = 5*p + 6 + p**2 + 0*p**3 + 4*p**2 + p**3. Let c be v(-4). Suppose -24 = u - c*u. Calculate the highest common factor of 12 and u.
12
Suppose -5*n = -3*h - 36, 7*n = -4*h + 2*n - 13. Let w be 0 - (0 + 3) - h. Calculate the highest common factor of 28 and w.
4
Let u = 566 + -357. Calculate the highest common divisor of 19 and u.
19
Suppose 4*p + 0*q - 3*q = -16, -2*q = p - 7. Let f be 3 + p + 3 - 0. What is the greatest common factor of 35 and f?
5
Suppose t + 3*g = -4 + 37, 5*g - 43 = -t. Calculate the highest common divisor of 9 and t.
9
Suppose 58 = 5*c - 2. Let d be 3/(-12) - (-674)/8. Calculate the greatest common divisor of d and c.
12
Let s(v) = -50*v**3 + v**2 + 3*v + 2. Let b be s(-1). Calculate the greatest common factor of b and 75.
25
Suppose 2*f = 0, 2*m + 2*m + 5*f = 20. Suppose -v + 1 = 3*j - 19, 0 = -m*j + 15. Calculate the highest common factor of 11 and v.
11
Let q be (9*1)/(3/2). Suppose 2*b - 4*b + 2 = 0. Suppose -2*h + 11 = -b. Calculate the greatest common factor of h and q.
6
Let x = -113 - -197. Let t be 25/1 - (3 - -1). Suppose 0 = -3*a + t + 15. Calculate the highest common factor of x and a.
12
Suppose -3*j - 15 = 0, w - 2*j + 0*j = 66. What is the greatest common factor of w and 28?
28
Let m be 2/(-4) + 30/12. Suppose -3*t = -3*x + 33, m*x - 25 = -0*t + t. Calculate the greatest common factor of 2 and x.
2
Let h be (-3)/(-4)*(2 - -2). Suppose -v + 5*s - 23 = -2*v, 3*s = 3*v + h. Suppose 3*i = v + 9. What is the greatest common factor of i and 4?
4
Let h be (-8)/(-1 + 4/(-4)) - 3. Let w(c) = c + 2. Let x be w(5). What is the greatest common factor of x and h?
1
Let f(s) = s**3 - 10*s**2 + 12. Let c be f(10). Suppose -p + c = p. Calculate the greatest common factor of 2 and p.
2
Suppose -3*i = -113 - 151. Let j be (-6)/33 - (-180)/22. Calculate the greatest common divisor of j and i.
8
Suppose -214 + 70 = -4*b. Let i be 1 + -13 + (3 - 2). Let u = 23 + i. What is the greatest common divisor of u and b?
12
Let s(l) = l**2 - 2*l - 4. Let o be s(4). Let x = o + -4. Suppose x = 2*w + w - 99. What is the highest common divisor of 3 and w?
3
Let g(f) = f**3 - 7*f**2 + 6*f + 1. Let u be g(6). Let k = 61 - 51. What is the greatest common factor of k and u?
1
Let o = 7 - -64. Let b be 1*(1 - o)*-2. Suppose 80 = 2*s + 2*s. What is the highest common divisor of b and s?
20
Suppose 0 = 4*z + z - 50. Suppose -3*h + 13 = -w, -25 = -2*w - 4*h - 1. Let v = w - -2. What is the greatest common divisor of z and v?
2
Suppose -18 = 3*j - 5*j. What is the highest common divisor of 18 and j?
9
Let o(s) = 2*s**2 + s - 2. Let b be o(4). Calculate the highest common factor of b and 51.
17
Suppose 0 = 2*c - 6. What is the highest common factor of c and 21?
3
Suppose 0 = 2*u - h - 17, 3*u = -3*h + 5 + 16. Suppose -a - 3*a + 2*v = -58, -3*v + 45 = 5*a. Calculate the greatest common divisor of a and u.
4
Let l = 15 - 8. Suppose 3*z - 35 = l. Calculate the greatest common factor of 14 and z.
14
Let s be (0 - 1)*7*-2. Let h be 2/3*5955/10. Suppose 3*z = n - 95, 4*n - h = -3*z - 2*z. What is the highest common factor of s and n?
14
Suppose 4*w - 121 = -29. Let b = 43 - w. Let x = 98 - 68. Calculate the greatest common factor of b and x.
10
Let p = -30 - -15. Let j = -25 - p. Let h = 10 - j. Calculate the highest common divisor of 100 and h.
20
Let l be 2/(-4)*(-8)/2. Let v(t) = t**2 - 2. Let w be v(l). Suppose 1 = -h + w*h. Calculate the highest common factor of h and 8.
1
Suppose -5*d + 5 = 0, d - 62 = -y - d. What is the greatest common divisor of y and 15?
15
Let c be -11 - -8 - (-133 + 0). Calculate the highest common factor of c and 52.
26
Let k(d) = d**2 - 26. Let w be k(6). What is the greatest common factor of 50 and w?
10
Suppose -2*x = -7*x + 30. Let v be (-20)/(-2) + 7 + -11. Calculate the highest common divisor of v and x.
6
Let c = -4 - -96. Let v = c - 57. Calculate the highest common divisor of 7 and v.
7
Let b(v) = 106*v**3 - 1. Let s be b(1). Suppose 0 = -0*l - 2*l + 84. Calculate the highest common factor of s and l.
21
Let o be (-56)/14 + (-12)/(-2). Let c be 33/9 - (-2)/(-3). Suppose c*h - 58 = -4*a, -2*h = h - 5*a - 22. Calculate the highest common factor of h and o.
2
Suppose 22 = 5*r - 3*r. Suppose 0 = 2*s + 27 - 29. What is the greatest common divisor of s and r?
1
Let w(x) = 3*x - 3 + 3*x**2 + 2*x**2 + 0*x - 5*x. Let h be w(-3). What is the highest common divisor of h and 12?
12
Suppose -95 - 70 = -5*a. Suppose 3*r - 15 = -o, -3*o + 0*o + 13 = r. What is the greatest common divisor of a and o?
3
Let n(l) = -l**2 + 16*l + 28. Let k be n(16). What is the greatest common divisor of k and 140?
28
Let u be 4/6 + (-1)/((-9)/84). Calculate the highest common divisor of u and 50.
10
Let s be ((10/15)/2)/((-1)/(-78)). Calculate the highest common divisor of s and 52.
26
Let o = 14 - 2. What is the highest common factor of o and 72?
12
Let c be (-2 + 3)*-3 + 155. Let j = c - 108. Calculate the greatest common factor of 4 and j.
4
Suppose -32 = -4*f + 40. Suppose -5 = -4*d + 4*v + 579, -2*v - 4 = 0. What is the highest common divisor of d and f?
18
Let r be (-4)/12 - 280/6. Let y = 96 + r. Let t be (7/3)/((-1)/(-3)). What is the highest common divisor of y and t?
7
Suppose -a = 3 + 3. Suppose -4*q - q + 155 = 0. Let d be (a + q)*(-8)/(-10). What is the greatest common factor of 100 and d?
20
Let f(x) = x**3 - 2*x**2 - 2*x + 3. Let t be f(3). Let v be 6/15 - 566/(-10). Let o = v + -27. What is the highest common factor of t and o?
6
Suppose 4*b + 5 + 7 = -4*w, 10 = -5*w. Let d be 2 + -1 + 2*b. Let g be 18/2 - (d - -2). What is the greatest common factor of g and 1?
1
Suppose 5*v + 3*m - 51 = v, 0 = 3*v + 5*m - 41. Let w be -29 + 26 - -2*(-15)/(-2). Calculate the highest common factor of w and v.
12
Let d = 2 - 2. Suppose 5 = -d*p + p. Suppose -3*k + 18 - 3 = 0. Calculate the highest common divisor of p and k.
5
Suppose 0 = d - g + 2*g + 21, 0 = 5*d - 5*g + 105. Let c = 23 + d. What is the greatest common divisor of 5 and c?
1
Suppose 3*r = -2*r + 15. Suppose -d + r = -11. What is the highest common factor of d and 70?
14
Let m = 57 + -42. Calculate the highest common factor of m and 15.
15
Let z(i) = -i**3 - i**2 + 3*i + 1. Let h be z(-2). Let l be (-2)/((-69)/63 - h). What is the greatest common divisor of l and 189?
21
Suppose -4*k + 26 = v - k, -5*v + 5*k + 150 = 0. What is the highest common factor of 116 and v?
29
Suppose 2*q + 2 = 0, 5*g - 103 = -2*q - 0*q. What is the greatest common divisor of g and 28?
7
Let c(x) = 46*x**2 - 4*x - 2. Let t be c(-1). Calculate the highest common factor of t and 24.
24
Suppose 191 = 2*d + 1. Let m be -40*(-2)/2 - 2. Calculate the greatest common factor of m and d.
19
Let v be 0 + 19 + -1*1. Let g be (-2)/(-1) + (-36)/4. Let b(z) = z + 16. Let h be b(g). What is the highest common factor of h and v?
9
Let y = 19 + -11. Let m be (y/20)/(2/20). Let h(v) = 2*v**3 - 5*v**2 + 2*v. Let o be h(m). What is the highest common factor of o and 8?
8
Suppose -2 = -2*p + 14. Suppose 0 = 3*f - p - 1. Suppose -y + 94 = 3*u - 0*y, 3*y + 15 = 0. Calculate the highest common factor of u and f.
3
Suppose 3*j + 5*t = 57, -j - 3*t + 76 = 3*j. Calculate the greatest common divisor of j and 209.
19
Let b = -174 - -264. Suppose -5*u = -2*g + b, -g = 